he prime factors of j.
2, 1361
Suppose 1456 = 9*r + 3*k - 731, 4*r = 4*k + 940. What are the prime factors of r?
241
Let j be ((-2326)/(-4))/(-7*4/(-56)). Suppose 3*a - 691 = j. List the prime factors of a.
2, 3, 103
Suppose -5*n - i - 5 = 0, n = -2*i + 5*i + 15. What are the prime factors of 2*(-6 + 4) + n + 11?
7
What are the prime factors of (-265)/1325 + (-1701)/(-5)?
2, 5, 17
Suppose 2*r + 3*q = -7, r - 2*q - 10 = 4. What are the prime factors of (30/6 - -194) + r?
7, 29
Suppose 4*w + 0*a + 318 = 2*a, 0 = 4*w - 5*a + 309. Let p = w - -79. What are the prime factors of 12/(-4) + (-198)/p?
2, 3
Suppose -18*o + 13459 + 53393 = 0. List the prime factors of o.
2, 3, 619
Let c(q) = q**2 - 9 - q**3 + 8*q**2 + 23 + 10*q + 11*q. Let t be c(11). Suppose 0 = -t*o - 4*a + 421, -5*o - 83 = 3*a - 781. What are the prime factors of o?
139
Let b(m) = -247*m + 0 + 10 + 2 - 3 + 13. What are the prime factors of b(-5)?
3, 419
List the prime factors of (161/(-21) - -8) + (-2)/(12/(-39478)).
2, 5, 7, 47
Suppose 7*q - q - 30 = 0. Suppose 16 = -q*x - 4. What are the prime factors of 215 + 0 + 6 + x?
7, 31
Let c(j) = -5*j - 32. Suppose 39*u = 42*u - 15. Suppose -2*w - 4*l - 6 - 4 = 0, -l = u*w + 70. List the prime factors of c(w).
43
Suppose -49*g + 83*g - 54842 = 0. What are the prime factors of g?
1613
Let h = -36 - -43. Suppose -2*j + h*j = 15, -w - 4*j = -170. What are the prime factors of w?
2, 79
Let c(t) = 2*t - 31. Let x be c(12). Let y(v) = 79*v + 8. Let p be y(x). List the prime factors of 3*(4/20)/((-3)/p).
109
Let h be 2/(-4) - (21763/(-14) - 10). Suppose 22*m - 9044 = -h. What are the prime factors of m?
2, 5, 17
Let w(a) = 17*a**2 - 6*a - 58. Let p be w(-6). Suppose 299 = 2*j + 10*v - 13*v, -4*j = 2*v - p. List the prime factors of j.
2, 37
Suppose 0 = -t + 7 - 0. Let h(a) = 6*a**2 + 57*a + 42. Let q(n) = -n**2 - 8*n - 6. Let c(r) = -2*h(r) - 15*q(r). What are the prime factors of c(t)?
3, 5, 13
Let g(i) = 3*i**2 + 89*i + 0*i**2 - 52 - 4*i**2 - 41 - 19*i. What are the prime factors of g(46)?
3, 337
Suppose 5*z + 5*o = 104555, -101675 = -3*z + 5*o - 38886. List the prime factors of z.
2, 10459
Suppose -390 = -11*x - 368. Suppose 0 = 3*p - 2*p - 43. Let b = p + x. What are the prime factors of b?
3, 5
Suppose 0 = 3*t + 243*v - 241*v - 120111, 5*v = -2*t + 80085. List the prime factors of t.
3, 5, 17, 157
Let g(a) = 1502*a**2 - 17*a - 35. List the prime factors of g(3).
2, 23, 73
Let m(z) = -2*z**2 + 13*z - 24. Let c(a) = -2*a**2 + 13*a - 24. Let v(i) = 3*c(i) - 4*m(i). Let w be v(10). Suppose w - 379 = -5*g. List the prime factors of g.
3, 19
Let g be (-1*0/1)/(-4). Suppose -5*r + 522 = -v, g = -2*r - 3*v + 231 - 29. Suppose 0 = 5*z - 116 - r. What are the prime factors of z?
2, 11
Let m(w) = 12*w**2 - 2*w - 1. Let t be m(1). What are the prime factors of 11565/30*12/t?
2, 257
Let n(p) = -4*p + 36. Let h(j) = -4*j + 36. Let b(l) = -4*h(l) + 5*n(l). Let a be b(12). List the prime factors of (29/(-2))/(2/a).
3, 29
Suppose 20136 = 5*m - 20654. What are the prime factors of m?
2, 4079
Let b(y) = -33*y**3 - 3*y**2 + 4*y - 5. Let q be b(-4). Let t = -1403 + q. List the prime factors of t.
2, 5
Let a be -4*(9/12)/(-3) + -597. Let r = a + -181. Let b = -542 - r. List the prime factors of b.
5, 47
Let m(n) = n**3 + 9*n**2 + 8*n. Let y be m(-8). Suppose 2*k + y - 10 = 0. Suppose k*t = 6*t - 169. What are the prime factors of t?
13
Suppose 0 = 2*c + 4*c - 6. Suppose c = 3*o - 8. Suppose 4*p + o*h = 455, -6 - 4 = -2*h. List the prime factors of p.
2, 5, 11
Let g be ((-42)/(-10) + -3)/((-4)/(-10)). Suppose -2*h + 193 = 4*r - 411, 0 = g*h - 3*r - 870. What are the prime factors of h?
2, 3, 7
Let w be ((-1)/((-2)/6))/((-3)/(-304)). Suppose 4*b - w = 3*y, 0 = -y - 2*b + 8 - 96. Let r = y - -169. What are the prime factors of r?
73
Let w(q) = 0*q**2 + q**2 + 0*q**2 - 13 + 1. Suppose 58 = 8*u - 14. List the prime factors of w(u).
3, 23
Let f = -4 + 47. Let t = 80 - f. List the prime factors of t.
37
Let u be -6*(-6)/(-36)*-2. Let w be ((-1)/u)/((-1)/28). Suppose -16*y + 224 = -w*y. What are the prime factors of y?
2, 7
Let h(x) = 96*x + 23. Let d(j) = -16*j - 4. Let s(b) = 34*d(b) + 6*h(b). Let o(t) = 16*t + 1. Let m(u) = 9*o(u) - 4*s(u). What are the prime factors of m(9)?
5, 29
Let q be (0 + -1 + 11)/(1/(-3)). Let v = q - -35. Suppose -2*i = v*n + 2*i - 158, -n = -i - 37. List the prime factors of n.
2, 17
Let r be -2 + 17 + 1 + 2. Suppose -r = 3*p + 3*p. What are the prime factors of -3 - -2 - (p + 2 - 110)?
2, 5, 11
Suppose 23 + 1 = 4*o, -4*m + 38914 = 3*o. What are the prime factors of m?
2, 11, 13, 17
Let n(w) = w**3 - 32*w**2 + 24*w - 6. Let k be n(23). What are the prime factors of -4 + (-11)/(55/k)?
839
Suppose 0 = 2*i - 9*i + 35. Suppose -4*f + 2*r = -2204 + 900, -20 = i*r. What are the prime factors of f?
2, 3
Suppose 0 = 27*g - 22*g + 3330. Let h = g + 989. What are the prime factors of h?
17, 19
Let i(d) = 2*d - 8. Let o be i(4). Suppose 7*h - 6*h = o. Suppose -6 = -3*a, 2*c + h*a = -5*a + 162. List the prime factors of c.
2, 19
Let i = -6781 + 14921. List the prime factors of i.
2, 5, 11, 37
Let p = -13508 + 20829. What are the prime factors of p?
7321
Let h(d) = -52*d + 13. Let b be h(2). Let z = 86 + b. List the prime factors of (-83)/z - (-7)/((-140)/12).
2
Suppose -5*i = -4 + 29. Let y be 26 + i/(-10)*(-2)/1. Suppose -23*w + y*w - 204 = 0. List the prime factors of w.
2, 3, 17
Let t be (1 - -1)/(6/9). Let n(v) = 26*v**2 + 19*v - 21. Let i(g) = 54*g**2 + 33*g - 42. Let x(u) = 3*i(u) - 5*n(u). What are the prime factors of x(t)?
3, 31
Let q(p) = -17*p - 123. Let o be q(-6). Let t(l) = -51*l - 6. What are the prime factors of t(o)?
3, 5, 71
Let y be (-14)/21*3/2. Let q be 8*(y - (-6)/3). Suppose 17 = 4*m + 5*b, -3*b - 4 - q = -5*m. List the prime factors of m.
3
Let y be (-4)/(-6) - (-939)/9. Suppose 3*t = -2*c + 84, -42 = 4*c - 6*c + 4*t. Let d = c + y. What are the prime factors of d?
2, 3, 23
Let s(t) = 4*t - 46. Let f be s(15). List the prime factors of (-4)/f - 10638/(-42).
11, 23
Let r(u) = -u**3 + 7*u**2 - 11*u + 7. Let i be r(5). Suppose -3*v = q - 7*v - i, -2*q + 4*v + 4 = 0. Suppose -q = -5*p + 93. What are the prime factors of p?
19
Let v(s) = -10*s**3 - 52*s**2 + s - 218. What are the prime factors of v(-16)?
2, 3, 1523
Let i(u) = 2*u**3 - 137*u**2 + 88*u - 17. List the prime factors of i(68).
17, 79
List the prime factors of (-9 - 336/(-36)) + (-142940)/(-12).
2, 1489
Let m = -241 - -238. What are the prime factors of (-2)/m - (875/3)/(-5)?
59
Let o(x) = 30*x - 202. Let g be o(11). Let l = g - -251. List the prime factors of l.
379
Let t = -1 + -1. Suppose -4393 = 7*q - 4351. What are the prime factors of t - (q*3/6 - 296)?
3, 11
Let u(n) = n**2 + 7*n + 19. Let t be u(-3). Suppose s - 923 = -4*v, -t*s + 9*s = -3*v + 696. What are the prime factors of v?
2, 5, 23
Suppose -5*l + 47 = 4*o - 9, 4*o + 64 = 5*l. Let c be ((-3)/1 + l/8)*-2. Suppose 0 = 2*y - 5*y - c*v + 660, -3*v + 222 = y. What are the prime factors of y?
3, 73
Let b be (20 + 1 + -6)*56/(-10). Let g = 100 + b. List the prime factors of g.
2
List the prime factors of (27/8)/3*4*193040/285.
2, 3, 127
Let z = 505 + -494. Suppose 0 = 5*j - 4*s - 7, -16*s = j - z*s - 13. List the prime factors of j.
3
Suppose 12*n - 13*n - 3050 = 0. What are the prime factors of 6/(5/(n/(-15)))?
2, 61
Suppose 4*r - 2*k = 35922, k + 2*k - 17941 = -2*r. What are the prime factors of r?
2, 67
Suppose p - g = 55, -2*p + 120 = -0*g - 4*g. Suppose 4*k = -6*k + p. Suppose 159 = k*w - 391. What are the prime factors of w?
2, 5, 11
Let c be 0/((15*(-5)/(-15))/(-1)). Suppose c = -50*n + 51*n - 59. List the prime factors of n.
59
Let w(m) = 4824*m + 93. List the prime factors of w(1).
3, 11, 149
Let h = 540 - 544. What are the prime factors of (5 - (4 + -11))/(h/(-166))?
2, 3, 83
Let q be (-366)/24 - 6/8. Let a be (q/10 + 2)*125. Let v = 59 - a. List the prime factors of v.
3
Let i(b) = b**2 + 11*b + 14. Let z be i(-6). Let m(q) = -20*q - 52. List the prime factors of m(z).
2, 67
Let h(p) = 57*p - 52. Suppose -7*v = v - 40. What are the prime factors of h(v)?
233
Suppose -66177 = -4*d + 4*z - z, 82701 = 5*d + 3*z. List the prime factors of d.
2, 3, 919
Suppose -140*c - 881726 + 7581986 = 0. What are the pri